. Let q = -863 - i. What is the hundreds digit of q?
5
Suppose -3*k + 15 = 0, k + 3*k = 3*w + 14. What is the units digit of w*(-1)/5 - 1536/(-15)?
2
Let x(a) = -6*a - 25. Let y be x(-5). Let j be y/(-2)*(-4)/5*2. Suppose -4*n + 218 + 2 = 2*f, j*f - 4*n = 428. What is the tens digit of f?
0
Let k(v) = -109*v**3 + 4*v**2 - 51*v - 365. What is the ten thousands digit of k(-6)?
2
Let j be (-12)/9 - (-8)/24. Let f(p) = -151*p - 6. What is the units digit of f(j)?
5
Suppose 2*f - 1380 = -4*r, -1389 = -5*f + 3*f - r. Suppose -3*l + 1032 + f = 0. What is the tens digit of l?
7
Suppose 2*j + 14 = 0, -z - 3*j + 35431 = -28109. What is the ten thousands digit of z?
6
Suppose -5*j - 21*u + 16*u + 418700 = 0, 2*u = 2*j - 167500. What is the thousands digit of j?
3
Let q(y) = 12*y + 209. Let c be q(-17). Suppose -c*s + 120 = -95. What is the tens digit of s?
4
Suppose -4*f = -3*c + 5989, 6262 = 2*c + f + 2284. What is the thousands digit of c?
1
What is the tens digit of 148/8 + -18 + 25806/4?
5
Let i(d) = -2*d**3 - 9*d**2 + 22*d + 24. Let q be i(-6). Suppose q = -5*o + k + 4547 - 622, 4*k + 1588 = 2*o. What is the units digit of o?
4
Let c(b) = 393*b**2 + 22*b + 53. What is the thousands digit of c(-3)?
3
What is the units digit of 4*(-24)/32*532/(-12)?
3
Let m be (1 - 0)/(-3 + (-21)/(-6)). Suppose -m*z - 288 = 2*i, i + 128 = -2*z - 14. Let b = -42 - i. What is the hundreds digit of b?
1
Let n(u) = 74*u + 41. Let c(a) = -4*a. Let r(l) = 3*c(l) + n(l). What is the units digit of r(12)?
5
Suppose 5*b - 332 = 3*q, 5*q + 2*b + 547 = 4*b. Let z = q - -238. What is the units digit of z?
9
Let k(n) = n. Let g(r) = -2*r**2 + 40*r - 6. Let u(a) = -g(a) + 5*k(a). What is the units digit of u(22)?
4
Let a = -686 - -678. Let s(p) = p**3 + 0*p - 6 + 3*p**2 + 6*p**2 - 3*p. What is the tens digit of s(a)?
8
What is the hundreds digit of -1*-2993*1 + (-24 + 17 - -1)?
9
Let o be (5 - 22)/(-1)*11. Suppose 9*j - o = 4331. Let v = -354 + j. What is the hundreds digit of v?
1
Suppose 3*j + 0*j = 21. Suppose -2*b + j = -m, -4*m - 3*b = b - 32. Suppose -5*o = m*z - 248, o - 3*o + 4*z = -120. What is the tens digit of o?
5
Let f(i) = 3*i**2 + 9*i - 12. Let u be f(-5). Let k(w) = w**3 - 15*w**2 - 23*w - 32. What is the hundreds digit of k(u)?
5
Suppose 59*y - 261836 = 243735. What is the units digit of y?
9
Suppose -2*j - 3*w + 70584 = 0, 147876 = 5*j - 3*w - 28542. What is the units digit of j?
6
Let p = 25 + -20. Suppose 3*h = 4*y - 284, 3*h + 80 = -p*y + 6*y. Suppose -t + 34 = -y. What is the hundreds digit of t?
1
Let o(t) = 53*t**3 + 6*t + 3. Let n(a) = 58*a**3 + 5*a + 2. Let k(w) = -4*n(w) + 3*o(w). What is the tens digit of k(-2)?
8
Let u(l) = 18*l**2 + 3*l + 4. Let k(w) = -1. Suppose -5 = -2*g + c, 4*c + 4 = -3*g - 5. Let p(f) = g*u(f) + 3*k(f). What is the units digit of p(-2)?
7
Suppose 8 + 0 = c + 3*o, -o = -2*c + 2. Suppose 3*k - 5*n + 13 = 0, 0*k - c*k - 2*n + 2 = 0. What is the units digit of -1 + 3 + -3 + 39 + k?
7
Suppose 2 = -8*w + 26. Let g = -51 - -53. Suppose -w*v + 0*v + 335 = c, -234 = -g*v + 2*c. What is the hundreds digit of v?
1
Suppose -v + 4*n = -5133 + 643, -n = 10*v - 45105. What is the hundreds digit of v?
5
Let m(n) be the third derivative of n**5/15 - n**4/2 - 43*n**3/6 + 20*n**2. What is the hundreds digit of m(-8)?
3
Suppose -f = a - 1043 - 4244, -4*a - 21204 = -4*f. What is the tens digit of f?
9
Suppose 0 = 3*r + 5*h - 29941, 3908 = r + 5*h - 6059. What is the thousands digit of r?
9
Suppose 21*m + 16*m - 1067279 = 1056780. What is the hundreds digit of m?
4
Let a = 56420 + -28357. What is the hundreds digit of a?
0
Suppose 539 = -3*u + 10*u. Suppose 2*t = -u + 741. What is the tens digit of t?
3
Let u be 0 - ((-2)/6 - 2/3). Let v be u/(-6) - (-1576)/(-48). Let f = v - -95. What is the units digit of f?
2
Let c(k) = 46 - 40 + k**2 + 2*k**2 + 11*k. Let t be c(-6). Let v = t + -4. What is the tens digit of v?
4
Let m(u) = 363*u**2 + 210*u - 1. What is the tens digit of m(-10)?
9
Let l(d) = 24*d**2 - 85*d - 42. Let k be l(4). Let x(b) = b + 47*b + 5 + 13*b. What is the tens digit of x(k)?
2
Suppose 2*j + 128932 = 4*w + j, 4*j = -6*w + 193354. What is the hundreds digit of w?
2
Suppose 4*v + 5*w = -11, -16 = 6*v - v + 4*w. Let u(l) = -8*l**3 - l**2 + 8*l - 1. What is the tens digit of u(v)?
6
Let h(p) = -2*p**3 + 33*p**2 - 17*p + 22. Let z be h(16). What is the units digit of (701 + (z - 4))*1?
3
Let m(z) = 449*z - 3443. What is the thousands digit of m(18)?
4
What is the hundreds digit of 2/(((-1)/10)/(3988/(-8)))?
9
What is the tens digit of 31685 - (7 - 42 - -10)?
1
Let l(c) = 3*c**2 - 14*c + 8. Let a be l(7). Suppose 0 = 3*z + 2*z - 10. Suppose -a = -z*w + 39. What is the units digit of w?
8
Let w = 629 + -712. Let y = -14 - -100. Let z = w + y. What is the units digit of z?
3
Let v = -12592 - -13377. What is the tens digit of v?
8
Let f = 5453 + 1595. What is the units digit of f?
8
Let q = 309 - 314. What is the hundreds digit of (-19780)/(-48) + q/60?
4
Let z(n) = 279*n**2 - 408*n - 9. What is the thousands digit of z(-14)?
0
Let r(s) = -s**3 - 3*s**2 + 115*s - 116. What is the hundreds digit of r(-25)?
7
Suppose -v + 3*y = -17819, -2*y + 0*y - 3*y = 0. What is the hundreds digit of v?
8
Let t(b) = -b**3 - 8*b**2 + 17*b - 2. Let q = 38 - 48. Let v be t(q). Suppose -v = -l + 44. What is the tens digit of l?
7
Let u(l) = 2*l**3 + 7*l**2 - l - 6. Let x be u(-3). Suppose 0 = -x*b + 12 + 24. Suppose b*w - 3*w - 69 = 0. What is the units digit of w?
3
Let p(i) = 3*i**3 + 11*i**2 - 30*i + 749. What is the units digit of p(20)?
9
Let c(t) = 91*t**2 - 19*t + 107. What is the tens digit of c(12)?
8
Let k = 244 + -232. What is the units digit of 1650*(2/k - 3/(-6))?
0
Let m(g) = -11*g**2 - 15*g - 7. Let s(x) = -x**2 + x + 1. Let b(t) = m(t) + 6*s(t). Let v be b(-4). Let r = -97 - v. What is the units digit of r?
0
Let b be 3 + -2 - (8 + -7 + 32). What is the tens digit of (-1872)/b*16/3?
1
What is the units digit of (-19840)/(-400)*10970/8?
4
Suppose -r = 2*p + 9135 - 35752, -p - 4*r = -13291. What is the ten thousands digit of p?
1
Suppose 8*a = 1145 + 95. Suppose -a*f + 72 = -151*f. What is the units digit of f?
8
Suppose -4*k = -9*k + 4240. Suppose -n = -5*o - 2*n + 2126, 2*n + k = 2*o. Suppose -15*g = -10*g - o. What is the tens digit of g?
8
Let a be 8 + (-22714 + -6)/8. What is the tens digit of a/(-9)*(4/(-8) - -2)?
7
Suppose 0 = -i - i + 4. Let k(d) = -d**2 + d + 2. Let o be k(i). Let p(s) = s**2 + 27. What is the tens digit of p(o)?
2
Suppose 0 = -k - 5*j + 21 + 10, -5*k + 59 = j. Let b(w) = -8 + 27*w + k*w - 31. What is the hundreds digit of b(5)?
1
Suppose 5*u + 19*h = 16*h + 731, -5*u + 3*h + 749 = 0. Suppose -157*j + 8028 = -u*j. What is the tens digit of j?
9
Let v(i) = -17*i + 224. Let b be v(13). Suppose 0 = 4*f - 3*g - 4985, b*f + 30*g - 29*g - 3729 = 0. What is the units digit of f?
4
Suppose -420281 = -83*w + 127934. What is the hundreds digit of w?
6
Suppose 5*a = -4*g + 65264, -13*g - 26108 = -2*a - 17*g. What is the ten thousands digit of a?
1
Suppose 14840 - 49480 = -10*c. What is the tens digit of c?
6
Let v = 46989 + -29939. What is the tens digit of v?
5
Let r(f) = -f**3 - 23*f**2 - 111. Let h be r(-23). Let w = h + 267. What is the units digit of w?
6
Let y = -14550 + 27918. What is the units digit of y?
8
Suppose 0 = -73*c - 78*c + 162*c - 452507. What is the thousands digit of c?
1
Let m be (2/3 + 2)/(8/12). Let q be ((2/(-3))/(-1))/(m/186). Let d = 112 + q. What is the hundreds digit of d?
1
Let w(g) = 2951*g - 35. Let v(d) = -984*d + 13. Let a(n) = 11*v(n) + 4*w(n). What is the units digit of a(1)?
3
Suppose -17*r - 16*r + 11*r = -103906. What is the thousands digit of r?
4
Let s = -110 - -36. Let z = -82 - s. What is the tens digit of ((-42)/(-4))/(4/z)*-1?
2
Let v = -81 + 114. What is the units digit of (3/2)/(v/814)?
7
Suppose 0 = -z - 5*d - 5, -5*d + 35 = -5*z + 4*z. Let f(l) = 2*l**3 + 23*l**2 - 13*l - 16. Let t be f(-12). What is the units digit of (10/t)/(2 + z/8)?
5
Suppose -2*u + u + 33 = 0. Suppose z + 0*z = 3*i + u, 3*i - 27 = -z. Suppose -5*t - z = -7*t. What is the tens digit of t?
1
Let r be ((78 - -1) + -2)*(-3 - -8). Suppose 50*s + r = 45*s. Let v = s + 188. What is the units digit of v?
1
Suppose -39